3*s**2 - 2*s - 4. Let k be g(-3). Suppose n*d - d = -k. What are the prime factors of d?
2
Suppose 3*z - 2*y = 28, -6*z + 3*y + 39 = -2*z. Let s = z - 4. Suppose -2 - s = -a. List the prime factors of a.
2
Let y = -1 - 3. Let w = -2 - y. List the prime factors of w*(-2 - -1)*-1.
2
Suppose -18*z + 13*z = 390. List the prime factors of z/(-4) + (-3)/(-6).
2, 5
Suppose 5*q + 0*q = 0, -160 = 5*u + 2*q. Let g be u/(-12)*15/(-4). List the prime factors of (-4)/g - 63/(-5).
13
Suppose -3*n = 2*n - 210. Let h = 2 + n. What are the prime factors of h?
2, 11
Let z(u) = -u**3 - 14*u**2 - 6*u + 4. What are the prime factors of z(-14)?
2, 11
Let q(s) be the first derivative of -s**2/2 - 4*s - 5. What are the prime factors of q(-9)?
5
List the prime factors of 0 + -1*75/(-3).
5
Let n be 1/(-3) - 7/(-21). Suppose -4*y = 3*f - 52, -2*y + y - 2 = n. List the prime factors of f.
2, 5
Let p(m) = m**3 + 5*m**2 + 1. Let y(c) = -c**3 - 5*c**2 - c. Let z(g) = -g + 6. Let l be z(4). Let o(u) = l*p(u) + 3*y(u). List the prime factors of o(-5).
17
Let p(x) = 2*x - 2. Let n be p(5). Suppose h + 0*h = -g + 29, 0 = -4*h + n. What are the prime factors of g?
3
Suppose 5*l = -0*l + 30. Suppose -l*u = -u. Suppose u = 2*b - 10, 2*b + 12 = 3*h - 14. List the prime factors of h.
2, 3
Let k(f) = -24*f**3 - 4*f**2 + 4*f + 3. Let x(p) = 23*p**3 + 5*p**2 - 5*p - 4. Let s(a) = -4*k(a) - 3*x(a). List the prime factors of s(1).
3
Suppose -2*k = 3*k - 20. Suppose k*m = -0 + 24. What are the prime factors of m?
2, 3
Let r = -18 - -23. Suppose 2*x + 3*i = 1, 2*i - 1 - 3 = -3*x. Suppose -x*u + 2 - 4 = -4*p, -u + r = p. List the prime factors of p.
2
Let r be (1 + 1)/(4/130). Let b be (-3 + -2)*(-6)/10. Suppose -a = 3*a + b*p - r, -a + 17 = p. List the prime factors of a.
2, 7
Let v = -3 + 13. Let u = -2 + 3. Let k = v - u. What are the prime factors of k?
3
Suppose 5*r + 25 = 3*s, -4 = -2*s + 4*r + 16. Suppose 2*l + 3*l + 35 = s. Let t = 10 + l. What are the prime factors of t?
3
Suppose -b + 7 = -0*b. Suppose -5*h - 10 = 0, 5*w - 24 = -2*h + b. Suppose -u - w = 5*z - 56, -2*z - 3*u = -30. List the prime factors of z.
3
Suppose 92 = -5*j + 372. List the prime factors of j.
2, 7
Let k(v) = v**3 + 7*v**2 - 6*v + 6. What are the prime factors of k(-7)?
2, 3
Suppose 3*j + 220 = 4*p, -2*j = 5*p - 3*j - 275. What are the prime factors of p?
5, 11
Let g = 0 - -2. Suppose -g*j - j = -18. List the prime factors of j/21 + (-183)/(-21).
3
Let p = -35 + 100. What are the prime factors of p?
5, 13
Let d(m) = -m**2 + 8*m + 12. Let o be d(9). Let r = -14 - -16. Suppose o*p = r*j - 14, -p = -5*p + 16. What are the prime factors of j?
13
Let l = 70 - 46. List the prime factors of l.
2, 3
Let t = 11 + -7. Suppose 2*c + 9*z = t*z + 18, 3*c - 6 = 3*z. Suppose 3 = h - c. What are the prime factors of h?
7
Suppose -3*y - 139 + 391 = -3*x, -5*x = -15. List the prime factors of y.
3, 29
Suppose -3*w - 43 = 11. Let s = w - -13. Let q = -1 - s. What are the prime factors of q?
2
Let y be 2/(-2 - 36/(-15)). Suppose 6*c = 3*c + 4*d + y, -c = -2*d + 1. What are the prime factors of c?
7
Suppose 9*b - 15 = 4*b. Suppose 1 - b = -y, -5*a + 3*y + 4 = 0. List the prime factors of a.
2
Let x be 7 + 1/(2/(-6)). Suppose 33 = 4*o + x*d - 3, 4*o = d + 16. What are the prime factors of (o - 1)*13/4?
13
Let j(b) = -53*b - 1. List the prime factors of j(-1).
2, 13
Suppose -4*b + 15 = b. Suppose -b = -3*i, -3*i - i + 12 = 4*y. List the prime factors of y.
2
Let i(o) = o + 4. Suppose 17 = p - 3*n, -4*n + 0*n = 4*p - 4. Let d be i(p). List the prime factors of (-6)/d - 23/(-3).
7
Suppose -p - 2*p = -210. Let f = p + -34. Suppose -2*z + f = z. What are the prime factors of z?
2, 3
Suppose -2*j = 5*b - 59 - 24, -3*j + 82 = 5*b. Suppose -5*v - z - 21 = -0*z, 0 = 5*v + 2*z + b. Let x = v + 15. List the prime factors of x.
2, 5
Let l(t) = t**3 - 4*t**2 - 8*t + 8. Let n = -19 - -25. List the prime factors of l(n).
2
Let h(z) = z**3 + 9*z**2 + 10*z + 10. Let b be h(-8). Let i = b - 1. Let f = 1 - i. What are the prime factors of f?
2
Let x = 79 + -48. What are the prime factors of x?
31
Let h(d) = d**2 - 9. Let g be h(-7). Suppose y - x = 4*x - 12, -5*y + g = -5*x. What are the prime factors of y?
13
Suppose 110 = 3*q - 2*r, -3*r - 23 = -2*q + 52. Let z = q - 10. List the prime factors of z.
2, 13
Let k(s) = -20 + 3*s + 18 - 12*s - s**2. Let a be k(-9). Let v = a - -6. List the prime factors of v.
2
Suppose -3*l + 370 = 4*z - 474, 5*z = 3*l - 808. What are the prime factors of l?
2, 3, 23
Let g = 21 + -15. Let x = -3 + g. Let i = 6 - x. What are the prime factors of i?
3
Let n(p) = -10*p - p + 2*p. Suppose d - 5*t + 16 = 0, -2*t = 2*t - 12. List the prime factors of n(d).
3
Suppose 4*n - t - 212 = 0, t = 4*n - t - 216. What are the prime factors of n?
2, 13
Let q be (-2)/1 + -1*2. Let n(g) = g + 8. Let y be n(q). Suppose 5*k - y*k = -l + 16, -3*k = l - 24. What are the prime factors of l?
2, 3
Let k = 334 + -237. List the prime factors of k.
97
Suppose 3*q - 283 = 2*q. What are the prime factors of q?
283
Let k = -10 + 11. What are the prime factors of k*(2 + -7)*-1?
5
Let g be 3 - 4 - 3 - -8. List the prime factors of (-17)/(2/g*-2).
17
Suppose -3*k + y = -11, -k + y = -0*k - 5. Let p = k - 16. Let j = 23 + p. What are the prime factors of j?
2, 5
Suppose 0 = -h + 1 + 5. Let s(z) = z**2 - 2*z - 4. What are the prime factors of s(h)?
2, 5
Suppose 0 = d + 4*d - 10. Suppose c = -d*c. Suppose -2*x + 45 = -5*o, 4*x + c*o - 65 = 5*o. What are the prime factors of x?
2, 5
Suppose -3*s - 74 = 2*o, -2*s - 42 = 2*o + 3*o. Let z be 9*-4 - (-1)/(-1). Let r = s - z. List the prime factors of r.
11
Let z(q) = 5*q**2 + q - 2. Let t(g) = -4*g**2 - g + 2. Let x(d) = -4*t(d) - 3*z(d). List the prime factors of x(-4).
2, 5
Let y(z) = 0*z + 9*z + 0*z + z - z**2 - 6. Suppose 4*f + 2*b - 22 = -0*f, 21 = 2*f - b. List the prime factors of y(f).
2, 5
Suppose -4*n + 39 = 2*u - 57, 4*u = -5*n + 126. Suppose -4*j + n = -2. What are the prime factors of j?
2, 3
Let t = -26 - -44. Suppose 0 = -5*w - 15, 2*z + z = -5*w + t. List the prime factors of z.
11
Let f = -95 - -59. Let a = f - -66. What are the prime factors of a?
2, 3, 5
Suppose 5*w = 4*w - 7. Let q(l) = -l**3 - 7*l**2 - 3*l - 6. What are the prime factors of q(w)?
3, 5
Suppose 412 = 11*f - 325. What are the prime factors of f?
67
Suppose 0 = -2*j + 5*r + 114, -r + 208 - 3 = 3*j. What are the prime factors of j?
67
Let x = 8 + -3. Suppose -x*u + 3*u = -10. What are the prime factors of u?
5
List the prime factors of (-75 - 0)*4*3/(-30).
2, 3, 5
Suppose 0 = 4*i + 4*s - 12 + 4, 5*i - 17 = 2*s. Suppose 4 - 1 = i*u. Let o(b) = 15*b**2 + b. What are the prime factors of o(u)?
2
Suppose -w - 2 + 16 = 2*b, b = -3*w + 17. Suppose -3*q - w*t + 101 = 0, 5*t + 30 = -3*q + 133. What are the prime factors of q?
31
Suppose 16 = -3*a - 2. Let t be 6/(a - -3)*4. List the prime factors of t/(-5)*5/2.
2
Suppose 550 = 8*o - 4*o - 3*a, 5*o - 2*a - 684 = 0. What are the prime factors of o?
2, 17
Let v be 2*-1 + 5/1. Let z = v + 4. What are the prime factors of z?
7
Let m(r) = -2*r**3 - 3*r**2 + 4*r - 1. What are the prime factors of m(-3)?
2, 7
Let q(v) = -v + 2. Let g be q(-3). Suppose 48 = -g*x + 113. Suppose -3*c = -x - 11. List the prime factors of c.
2
Suppose o - 305 + 26 = -4*k, 2*o - 493 = 5*k. What are the prime factors of o?
7, 37
Let l(z) = -16*z - 4. Let w be l(-4). Let n = -38 + w. What are the prime factors of n?
2, 11
Suppose 0 = f - 1 - 1. Suppose j = -j - 5*p + 31, f*p = 6. List the prime factors of j.
2
Let q(j) = -j**3 - 4*j**2 + 6*j + 1. Let w be q(-5). Let k = 8 - w. Suppose r = -3*r + k. What are the prime factors of r?
3
Let y(w) = w**3 - 6*w**2 + 6*w + 2. Let i be y(5). Let q = i + -3. What are the prime factors of q?
2
Suppose -p - 45 + 205 = 0. List the prime factors of p.
2, 5
Suppose a + 137 = x, 2*x - 4*a - 284 = -0*a. Suppose 3*r + x = 5*i, 0 = 3*i - 2*r - 3*r - 92. List the prime factors of i.
2, 3
Let k = 0 - -2. Suppose -z + 6*j = k*j + 16, 3 = 2*z - j. Suppose y = 3*y - z. List the prime factors of y.
2
Let j = 34 - 52. List the prime factors of (10/6)/((-6)/j).
5
Suppose 2*u - 95 = u. What are the prime factors of u?
5, 19
Suppose 0*y + 18 = 3*y. List the prime factors of y.
2, 3
Let v = 1